at is the ten thousands digit of 98027?
9
What is the tens digit of 779?
7
What is the thousands digit of 48489?
8
What is the thousands digit of 13374?
3
What is the tens digit of 293?
9
What is the hundreds digit of 2924?
9
What is the ten thousands digit of 135716?
3
What is the thousands digit of 3395?
3
What is the hundreds digit of 575?
5
What is the tens digit of 3931?
3
What is the ten thousands digit of 123359?
2
What is the tens digit of 2117?
1
What is the units digit of 10?
0
What is the hundreds digit of 6359?
3
What is the tens digit of 2944?
4
What is the tens digit of 6510?
1
What is the hundreds digit of 7464?
4
What is the hundreds digit of 59446?
4
What is the ten thousands digit of 12998?
1
What is the hundreds digit of 2845?
8
What is the thousands digit of 10994?
0
What is the units digit of 19217?
7
What is the hundreds digit of 96177?
1
What is the units digit of 1500?
0
What is the thousands digit of 18475?
8
What is the units digit of 7391?
1
What is the hundreds digit of 7870?
8
What is the hundreds digit of 24305?
3
What is the thousands digit of 3788?
3
What is the hundreds digit of 5302?
3
What is the tens digit of 11285?
8
What is the ten thousands digit of 117490?
1
What is the units digit of 44?
4
What is the tens digit of 85797?
9
What is the units digit of 1418?
8
What is the tens digit of 1210?
1
What is the ten thousands digit of 36261?
3
What is the ten thousands digit of 75156?
7
What is the units digit of 832?
2
What is the units digit of 633?
3
What is the hundreds digit of 2483?
4
What is the thousands digit of 3631?
3
What is the ten thousands digit of 201761?
0
What is the units digit of 723?
3
What is the thousands digit of 1489?
1
What is the tens digit of 124?
2
What is the tens digit of 72526?
2
What is the tens digit of 857?
5
What is the units digit of 17366?
6
What is the hundreds digit of 401?
4
What is the hundreds digit of 30882?
8
What is the tens digit of 6593?
9
What is the thousands digit of 15624?
5
What is the hundreds digit of 3855?
8
What is the units digit of 132348?
8
What is the units digit of 2682?
2
What is the thousands digit of 1348?
1
What is the hundreds digit of 30207?
2
What is the tens digit of 65790?
9
What is the hundreds digit of 3348?
3
What is the hundreds digit of 6714?
7
What is the units digit of 610?
0
What is the hundreds digit of 18348?
3
What is the hundreds digit of 687?
6
What is the tens digit of 4372?
7
What is the units digit of 225?
5
What is the hundreds digit of 3305?
3
What is the hundreds digit of 183?
1
What is the tens digit of 268?
6
What is the tens digit of 12262?
6
What is the hundreds digit of 1372?
3
What is the tens digit of 290?
9
What is the ten thousands digit of 21871?
2
What is the thousands digit of 43807?
3
What is the tens digit of 3656?
5
What is the tens digit of 1321?
2
What is the hundreds digit of 16354?
3
What is the thousands digit of 12468?
2
What is the units digit of 6498?
8
What is the ten thousands digit of 43755?
4
What is the units digit of 3148?
8
What is the hundreds digit of 34280?
2
What is the hundreds digit of 581?
5
What is the units digit of 749?
9
What is the thousands digit of 14476?
4
What is the units digit of 38883?
3
What is the hundreds digit of 1576?
5
What is the tens digit of 713?
1
What is the tens digit of 60?
6
What is the tens digit of 3933?
3
What is the units digit of 2393?
3
What is the hundreds digit of 71171?
1
What is the ten thousands digit of 25413?
2
What is the hundreds digit of 572?
5
What is the hundreds digit of 16614?
6
What is the ten thousands digit of 19664?
1
What is the thousands digit of 4757?
4
What is the hundreds digit of 2700?
7
What is the thousands digit of 123566?
3
What is the tens digit of 138?
3
What is the hundreds digit of 5434?
4
What is the tens digit of 875?
7
What is the thousands digit of 1352?
1
What is the units digit of 1906?
6
What is the hundreds digit of 85234?
2
What is the thousands digit of 9624?
9
What is the hundreds digit of 5036?
0
What is the tens digit of 64?
6
What is the units digit of 760?
0
What is the units digit of 258?
8
What is the tens digit of 27627?
2
What is the hundreds digit of 9772?
7
What is the units digit of 578?
8
What is the units digit of 3197?
7
What is the units digit of 2950?
0
What is the thousands digit of 1801?
1
What is the thousands digit of 8312?
8
What is the hundreds digit of 1169?
1
What is the units digit of 29729?
9
What is the ten thousands digit of 25444?
2
What is the hundreds digit of 8318?
3
What is the tens digit of 112219?
1
What is the thousands digit of 2607?
2
What is the thousands digit of 54146?
4
What is the tens digit of 1404?
0
What is the tens digit of 4932?
3
What is the hundreds digit of 768?
7
What is the units digit of 107?
7
What is the units digit of 9333?
3
What is the thousands digit of 77791?
7
What is the thousands digit of 26284?
6
What is the thousands digit of 19768?
9
What is the tens digit of 1167?
6
What is the hundreds digit of 1122?
1
What is the ten thousands digit of 31429?
3
What is the hundreds digit of 626?
6
What is the units digit of 431?
1
What is the ten thousands digit of 95213?
9
What is the tens digit of 3615?
1
What is the units digit of 122255?
5
What is the thousands digit of 3133?
3
What is the units digit of 1652?
2
What is the thousands digit of 1833?
1
What is the tens digit of 11793?
9
What is the thousands digit of 6037?
6
What is the thousands digit of 44062?
4
What is the hundreds digit of 546?
5
What is the thousands digit of 2703?
2
What is the units digit of 34355?
5
What is the units digit of 14865?
5
What is the units digit of 316?
6
What is the units digit of 183?
3
What is the hundreds digit of 3485?
4
What is the thousands digit of 8188?
8
What is the units digit of 19820?
0
What is the hundreds digit of 4376?
3
What is the hundreds digit of 8018?
0
What is the tens digit of 7043?
4
What is the thousands digit of 45228?
5
What is the tens digit of 1270?
7
What is the tens digit of 87906?
0
What is the ten thousands digit of 19029?
1
What is the units digit of 1197?
7
What is the units digit of 17878?
8
What is the tens digit of 885?
8
What is the units digit of 14?
4
What is the hundreds digit of 7295?
2
What is the hundreds digit of 6308?
3
What is the thousands digit of 9621?
9
What is the tens digit of 9356?
5
What is the units digit of 3052?
2
What is the units digit of 2627?
7
What is the hundreds digit of 32865?
8
What is the tens digit of 2320?
2
What is the tens digit of 8378?
7
What is the ten thousands digit of 57291?
5
What is the tens digit of 2910?
1
What is the ten thousands digit of 18468?
1
What is the thousands digit of 2885?
2
What is the hundreds digit of 1190?
1
What is the units digit of 5413?
3
What is the thousands digit of 1616?
1
What is the tens digit of 125?
2
What is the thousands digit of 18819?
8
What is the units digit of 34815?
5
What is the units digit of 938?
8
What is the hundreds digit of 520?
5
What is the thousands digit of 9394?
9
What is the tens digit of 3969?
6
What is the units digit of 279?
9
What is the hundreds digit of 7197?
1
What is the units digit of 11948?
8
What is the thousands digit of 17572?
7
What is the units digit of 85550?
0
What is the tens digit of 716?
1
What is the units digit of 14193?
3
What is the units digit of 27848?
8
What is the hundreds digit of 4968?
9
What is the tens digit of 538?
3
What is the tens digit of 2459?
5
What is the thousands digit of 1062?
1
What is the tens digit of 13176?
7
What is the thousands digit of 30012?
0
What is the units digit of 300?
0
What is the thousands digit of 9756?
9
What is the units digit of 4508?
8
What is the hundreds digit of 37320?
3
What is the units digit of 3869?
9
What is the hundreds digit of 1811?
8
What is the tens digit of 20435?
3
What is the units digit of 80468?
8
What is the tens digit of 912?
1
What is the thousands digit of 46934?
6
What is the units digit of 321?
1
What is the thousands digit of 100002?
0
What is the units digit of 87?
7
What is the thousands digit of 4414?
4
What is the units digit of 14113?
3
What is the units digit of 17611?
1
What is the tens digit of 8121?
2
What is the hundreds digit of 75377?
3